{"id":4,"date":"2017-09-10T13:32:34","date_gmt":"2017-09-10T11:32:34","guid":{"rendered":"http:\/\/maisonvendome.eu\/index.php\/boutique\/"},"modified":"2017-10-23T11:24:00","modified_gmt":"2017-10-23T09:24:00","slug":"boutique","status":"publish","type":"page","link":"https:\/\/maisonvendome.eu\/index.php\/boutique\/","title":{"rendered":"Champagne L.C. Prestance"},"content":{"rendered":"<p><img loading=\"lazy\" decoding=\"async\" src=\"http:\/\/maisonvendome.eu\/wp-content\/uploads\/2017\/09\/raisin-chardonnay-150x150.jpg\" alt=\"raisin chardonnay\" width=\"150\" height=\"150\" \/><br \/>\n<img loading=\"lazy\" decoding=\"async\" src=\"http:\/\/maisonvendome.eu\/wp-content\/uploads\/2017\/09\/IMG_0911-150x150.jpg\" alt=\"IMG_0911\" width=\"150\" height=\"150\" \/><\/p>\n<p><em>The Champagne Grand Cru L.C. Prestance is based on the best grappes of the famous \u00ab\u00a0C\u00f4te des Blancs\u00a0\u00bb, located south of Epernay, capital of Champagne. The \u00ab\u00a0C\u00f4te des Blancs\u00a0\u00bb comes from white grappes \u00a0(95% of Chardonnay) versus the black grappes used a lot on other places (Pinot Noir, Pinot Meunier).<\/em><\/p>\n<p><em>If the champagnes of the \u00ab\u00a0C\u00f4te des Blancs\u00a0\u00bb are famous for bringing freshness, finesse and elegance, there are differences according to the terroir, with, for example, more powerful wines in the north (Cramant), with more length in the center (Avize) and more finesse in the south (Oger).<\/em><\/p>\n<p><em>Our partner vineyard is located in Cramant, one of the 6 villages of the \u00ab\u00a0C\u00f4te des Blancs\u00a0\u00bb to have the appellation \u00ab\u00a0Grand Cru\u00a0\u00bb, with Avize, Chouilly, Le Mesnil-sur-Oger, Oger, Oiry.<\/em><\/p>\n<p><em>The LC. Prestance champagne is 100% Chardonnay from the \u00ab\u00a0Grand Cru\u00a0\u00bb villages of Cramant, Chouilly, Oger and Avise, in order to obtain a perfect balance between power, freshness, finesse and length, enabling L.C. Prestance to compete with the best bottles of the biggest brands.<\/em> \u00a0(<a href=\"http:\/\/maisonvendome.eu\/index.php\/2017\/09\/10\/maison-vendome-exclusive-champagnes-test\/\">L.C. Prestance versus Dom Perignon and Cristal Roderer (ENG)<\/a>)<\/p>\n<p>Le Champagne Grand Cru L.C. Prestance est \u00a0\u00e9labor\u00e9 \u00e0 partir des meilleures vignes de la c\u00e9l\u00e8bre C\u00f4te des Blancs, situ\u00e9e au sud d&rsquo;Epernay, capitale du Champagne. La C\u00f4te des Blancs doit son nom au fait qu&rsquo;elle soit plant\u00e9e \u00e0 95% avec du c\u00e9page Chardonnay (raisin blanc).<\/p>\n<p>Si les champagnes de la C\u00f4te des Blancs sont r\u00e9put\u00e9s pour apporter fra\u00eecheur, finesse et \u00e9l\u00e9gance, on note des diff\u00e9rences en fonction du terroir, avec par exemple des vins plus puissants dans le nord (Cramant), avec plus de longueur en bouche pour le centre (Avize) et plus de finesse dans le sud (Oger).<\/p>\n<p>Notre vigneron partenaire est situ\u00e9 \u00e0 Cramant, un des 6 villages de la C\u00f4te des Blancs \u00e0 avoir l&rsquo;appelation Grand Cru, avec\u00a0Avize, Chouilly, Le Mesnil-sur-Oger, Oger, Oiry.<\/p>\n<p>Le champagne L.C. Prestance est compos\u00e9 \u00e0 100% de Chardonnay provenant des villages class\u00e9s grands crus, de Cramant, Chouilly, Oger et Avise afin d&rsquo;obtenir un \u00e9quilibre parfait entre puissance, fra\u00eecheur, finesse et longueur en bouche lui permettant de rivaliser avec les plus grands flacons des plus grands noms. \u00a0<a href=\"http:\/\/maisonvendome.eu\/index.php\/2017\/09\/10\/maison-vendome-exclusive-champagnes-test\/\">L.C. Prestance versus Dom Perignon and Cristal Roderer (ENG)<\/a><\/p>\n<p>&nbsp;<\/p>\n<p><img loading=\"lazy\" decoding=\"async\" src=\"http:\/\/maisonvendome.eu\/wp-content\/uploads\/2017\/09\/Cramant-1-150x150.jpg\" alt=\"Cramant\" width=\"150\" height=\"150\" \/><br \/>\n<img loading=\"lazy\" decoding=\"async\" src=\"http:\/\/maisonvendome.eu\/wp-content\/uploads\/2017\/09\/cote-des-blancs-map-1.jpg\" alt=\"cote-des-blancs map\" width=\"268\" height=\"220\" \/><\/p>\n","protected":false},"excerpt":{"rendered":"<p>The Champagne Grand Cru L.C. Prestance is based on the best grappes of the famous \u00ab\u00a0C\u00f4te des Blancs\u00a0\u00bb, located south of Epernay, capital of Champagne. The \u00ab\u00a0C\u00f4te des Blancs\u00a0\u00bb comes &#8230;<\/p>\n","protected":false},"author":1,"featured_media":0,"parent":0,"menu_order":0,"comment_status":"closed","ping_status":"closed","template":"template-fullwidth.php","meta":{"footnotes":""},"class_list":["post-4","page","type-page","status-publish","hentry"],"_links":{"self":[{"href":"https:\/\/maisonvendome.eu\/index.php\/wp-json\/wp\/v2\/pages\/4","targetHints":{"allow":["GET"]}}],"collection":[{"href":"https:\/\/maisonvendome.eu\/index.php\/wp-json\/wp\/v2\/pages"}],"about":[{"href":"https:\/\/maisonvendome.eu\/index.php\/wp-json\/wp\/v2\/types\/page"}],"author":[{"embeddable":true,"href":"https:\/\/maisonvendome.eu\/index.php\/wp-json\/wp\/v2\/users\/1"}],"replies":[{"embeddable":true,"href":"https:\/\/maisonvendome.eu\/index.php\/wp-json\/wp\/v2\/comments?post=4"}],"version-history":[{"count":10,"href":"https:\/\/maisonvendome.eu\/index.php\/wp-json\/wp\/v2\/pages\/4\/revisions"}],"predecessor-version":[{"id":156,"href":"https:\/\/maisonvendome.eu\/index.php\/wp-json\/wp\/v2\/pages\/4\/revisions\/156"}],"wp:attachment":[{"href":"https:\/\/maisonvendome.eu\/index.php\/wp-json\/wp\/v2\/media?parent=4"}],"curies":[{"name":"wp","href":"https:\/\/api.w.org\/{rel}","templated":true}]}}